 2*f + 3*f = 15. What is the remainder when q is divided by f?
0
Suppose -2*t = 7 - 19. Suppose -t*w = -2*w - 64. Calculate the remainder when 32 + (-1 - (2 - 1)) is divided by w.
14
Suppose -1 + 0 = z. What is the remainder when 23 is divided by 20/z*(-4)/10?
7
Suppose -2*p + b = -46, 0 = b + 2. Suppose 5*l + 4*u - 97 = 0, -64 = -3*l + 3*u - p. Calculate the remainder when 49 is divided by l.
15
Suppose 5*d - 4*m + 3*m - 346 = 0, 4*d + 4*m = 296. Calculate the remainder when d is divided by 19.
13
Let n(f) = f**3 + 2*f**2 - 2. Let v be 5*(-3 + 4 + 0). Suppose v = 5*x - 70. Calculate the remainder when n(3) is divided by x.
13
What is the remainder when 25 is divided by (-96)/4*(-8)/12?
9
Suppose 0 = 4*y - 5*m - 478, -3*m = 2*y - 5*m - 238. What is the remainder when y is divided by 24?
21
Suppose 0 = -4*g + 40 + 8. Let p = g + -8. Suppose -3*v - 2*x = -41, p*v - x + 5*x = 56. What is the remainder when 24 is divided by v?
11
Suppose -166 = 6*f - 8*f. Calculate the remainder when f is divided by 17.
15
Suppose 14 = h - 33. What is the remainder when h is divided by 17?
13
Let l(b) be the second derivative of -71*b**3/3 - 2*b. Let p be l(-1). Suppose -m - 2*u - p = -6*m, 3*u = 12. Calculate the remainder when m is divided by 16.
14
Let f(u) = -u**2 + 15*u - 11. Calculate the remainder when f(6) is divided by 9 - (-3 - -2 - 2).
7
Let g(a) = -a**3 - 3*a**2 - 3*a - 4. Let b be g(-3). Let u(n) = n**2 - 3*n + 5. What is the remainder when 28 is divided by u(b)?
13
What is the remainder when 10 is divided by (-3)/(-3)*2 - (-4 + -1)?
3
Suppose -4*u + u + 57 = 0. What is the remainder when 53 is divided by u?
15
Let j = 156 - 121. What is the remainder when j is divided by 10?
5
Let y = -99 + -183. Calculate the remainder when (y/8)/(9/(-24)) is divided by 24.
22
Calculate the remainder when 68 is divided by 6/(-3) - 16/(-1).
12
Suppose 3*u + 5 = 4*u, -35 = -5*x - 4*u. Suppose -3*f - 1 = -5*t - 14, 0 = -4*f - 2*t + 26. Let n = f + 2. Calculate the remainder when n is divided by x.
2
Let y = -1 + 4. Let u(i) = i**3 + 8*i**2 - 2*i - 9. Let h be (-50)/6 + 1/3. Calculate the remainder when u(h) is divided by y.
1
Let u(n) = -n + 3. Let t be u(5). Let p(q) = q + 2. Let a be p(t). Suppose -d + 1 = -a*d. Calculate the remainder when 2 is divided by d.
0
Suppose 3*y = 5*h - 57, 0*y + 2*y = -5*h + 37. Suppose f - h = -2. Calculate the remainder when f is divided by 3.
1
Suppose 14 - 2 = 2*k. Suppose -4 - k = -5*s. Suppose 19 = -c + s*c. What is the remainder when c is divided by 7?
5
Let i be 3/(-4)*(-24)/3. Suppose 0 = 3*u + 3*b + 6, -4*u + 3*u = 2*b + 6. Calculate the remainder when (2 + i/(-4))*4 is divided by u.
0
Let g = -1 - -3. Suppose 3 = g*w - 3. Let x(f) = f**3 - 3*f**2 + 4*f + 1. What is the remainder when x(w) is divided by 5?
3
Suppose 4*p - 57 = p. Suppose -16 = -4*g, -3*c + g + 3 = -2*g. Calculate the remainder when p is divided by c.
4
Let z(f) = f**3 + 3*f**2 - f + 1. Let c be z(-3). Let t be 33/6 - 6/c. Let s = 7 + t. Calculate the remainder when 20 is divided by s.
9
Let b be (0 - -1) + (-1)/1. Calculate the remainder when 9 is divided by (b + 1)*(7 + -4).
0
Let s = 4 - -13. Suppose -10*p + 155 = -5*p. What is the remainder when p is divided by s?
14
Let p(n) = 28*n + 1. Suppose 4*v - 5*c = -12 - 12, 3*c = 4*v + 16. Let g = 2 + v. Calculate the remainder when p(g) is divided by 15.
14
Let r(l) = -l**3 + l**2 + 6*l + 5. Let t be r(-4). Suppose 5*f - 59 = t. Calculate the remainder when f is divided by 9.
6
Let i(r) = -3*r**2. Let d be i(1). Let y = 0 + d. What is the remainder when 37 is divided by 78/y*(-1)/2?
11
Let a(y) = -y**3 - y**2 - y + 16. Let n = -36 + 66. Calculate the remainder when n is divided by a(0).
14
Calculate the remainder when 55 is divided by 18 - (2 - (2 + 1)).
17
Suppose 0 = -5*m + 7*m - 126. What is the remainder when m is divided by 22?
19
Let h(x) = x + 9. What is the remainder when h(5) is divided by 5?
4
Suppose -3*o = -v - 5, -3*o + 2*v - 3*v + 7 = 0. Let t = -4 - -6. Calculate the remainder when o is divided by t.
0
Suppose -4*k - k + 95 = 5*i, 0 = 3*k + i - 47. Let r = -8 + k. What is the remainder when 17 is divided by r?
5
Suppose 0 = 3*y - m - 91, -m + 4*m + 12 = 0. What is the remainder when y is divided by 8?
5
Let a = 11 + 26. Let h(n) = -13*n. Calculate the remainder when a is divided by h(-1).
11
Suppose -6 = 4*c + 2. Let f(w) = -w + 2. Calculate the remainder when f(c) is divided by 2.
0
Suppose 3*h - 30 = 5*m, -3*m - 3*h + 6 = -0. Let l(y) = -5*y - 3. What is the remainder when 34 is divided by l(m)?
10
Let t(u) = -2*u**3 - 12*u**2 - 5. Let m(l) = -l**3 - 6*l**2 - 3. Let n(w) = -5*m(w) + 2*t(w). What is the remainder when 13 - ((-4)/2 - -1) is divided by n(-6)?
4
Let j(y) = -y + 3. What is the remainder when 11 is divided by j(-3)?
5
Let i be 3*-1 - 0/(-3). Calculate the remainder when 58/7 - (-4)/(-14) is divided by 4/12 + (-8)/i.
2
Let l be (-6)/(-18) - (-16)/6. Suppose -l*j - 4*f + 89 = 0, 4*j - 3*f = 13 + 114. What is the remainder when j is divided by 11?
9
Suppose -m + 2*a = -8, 0*m + m = 3*a + 13. Calculate the remainder when (2/m)/((-1)/7) is divided by 5.
2
Suppose -5*u - 2*n + 133 = 0, -58 = -2*u + 3*n - 5*n. Calculate the remainder when u is divided by 9.
7
Let w be (30/8)/((-12)/(-64)). Let m = w - 10. Calculate the remainder when m is divided by 8/1 + (-1 - 1).
4
Let d = 14 - 2. Let g = d + -8. Suppose g*y - 1 = 2*o + 1, -y = -4*o + 24. Calculate the remainder when 12 is divided by o.
5
Suppose -3*f + 35 = 2*f. Let r be (-30)/(3/6 + -2). Calculate the remainder when f is divided by (r/6)/(6/9).
2
Let r = 4 - -5. Let y = -9 + 43. Calculate the remainder when y is divided by r.
7
Let s = -7 - -9. Let p = 3 + -1. Suppose t + p = 3. What is the remainder when s is divided by t?
0
Let n = 14 - -7. Suppose f + 33 = 4*f. Calculate the remainder when n is divided by f.
10
Let o(i) = -2*i**3 + 3*i - 4. Let a(j) = -4*j + 1. Let p be a(1). What is the remainder when o(p) is divided by 15?
11
Suppose 14*f + 207 = 17*f. Calculate the remainder when f is divided by 14.
13
Let d be -10*1*6/(-15). Let m = d + 9. Calculate the remainder when m is divided by 5.
3
Suppose 0 = 7*q - 2*q - 55. What is the remainder when 29 is divided by q?
7
Let p(z) = 5*z**2 + 14*z - 1. Let c(s) = -s**2 - s - 1. Let v(t) = 3*c(t) + p(t). What is the remainder when v(-8) is divided by (2 + 2)*(-38)/(-8)?
17
Let w = 5 + 1. What is the remainder when 73 is divided by 105/6 + 9/w?
16
Let a = 77 - 61. What is the remainder when a is divided by 10?
6
Suppose -t + 2 = -3*t, 3*t = 4*l - 531. Calculate the remainder when l is divided by 23.
17
Suppose -5*c = -44 - 6. What is the remainder when 19 is divided by c?
9
Let q = 0 + -6. Let n(c) = -c**2 - 7*c - 3. What is the remainder when 7 is divided by n(q)?
1
Suppose 0 = -4*y - 4*v + 28, v = -y - 3*v + 4. Let i = 16 - y. Suppose 0 = 2*g - 7*g, -4*t = -2*g - 92. What is the remainder when t is divided by i?
7
Suppose 13*o = 17*o - 120. What is the remainder when o is divided by 11?
8
Let u(b) = b**2 + 9*b + 6. Let n be u(-11). Let c = -15 + n. Calculate the remainder when 24 is divided by c.
11
Let c = 1 + -7. Let x(u) = 3*u + 8. Let n(p) = p. Let o(d) = -6*n(d) - x(d). Calculate the remainder when o(c) is divided by 24.
22
Let k = -64 + 98. Calculate the remainder when k is divided by 11 + (0 - (-1)/1).
10
Let o(j) = -j**3 + 6*j**2 + 14*j - 38. Calculate the remainder when o(7) is divided by 5.
1
Suppose -2*p - 2*p = 2*j, 2*p = -4*j. Suppose p = -s + 2*s - 12. Suppose -l + 9 = l + t, -l + t + s = 0. Calculate the remainder when 20 is divided by l.
6
Let g(o) = -o**2 + 17*o - 8. Let d be g(8). Let l = d - 42. Suppose 5*v - 36 = -h + 3, 4*h = -4. What is the remainder when l is divided by v?
6
Let q(w) = -3*w**2 + 0 + 2*w**2 + 2 - 5*w. Suppose -5*r - 4*n = -2*n - 15, -5*r + 2*n = -15. Calculate the remainder when r is divided by q(-5).
1
Let t = 88 + 69. What is the remainder when t is divided by 32?
29
Let b = -20 + 36. Let q(r) = r**3 - 2*r**2 + 4*r - 3. What is the remainder when q(4) is divided by b?
13
Let w = 43 - 14. Let i = 56 - w. Let q = i + -17. What is the remainder when 18 is divided by q?
8
Let m(v) = 2*v - 1. Calculate the remainder when m(6) is divided by 9 - ((1 - 1)